n factor of 56 and o.
14
Suppose -5*p = 3*k - 1360, -4*p + 2*k + 1088 = -2*k. Calculate the greatest common factor of 16 and p.
16
Suppose -3*k + 4*c + 28 = -k, 5*k + 5*c - 145 = 0. Let v(q) = -2*q**2 - 18*q + 12. Let p be v(-9). What is the greatest common factor of p and k?
12
Let w = 64 - 54. What is the greatest common factor of 70 and w?
10
Let n(l) = l**3 + 9*l**2 - 2*l + 6. Suppose 0 = 4*v + v - j + 50, 3*v + 37 = 2*j. Let k be n(v). Calculate the highest common divisor of k and 12.
12
Let w(x) = -6*x - 2. Let c be w(-1). Let g = 79 + -43. Calculate the highest common divisor of g and c.
4
Suppose -100 = -4*b - 3*x, -3*b = -2*b - 4*x - 6. Let f = b - -90. What is the greatest common divisor of f and 28?
28
Suppose -5*z + 4*i + 13 - 120 = 0, 0 = z + 5*i + 4. Let v be z/(-7) - (6/7)/(-3). Calculate the greatest common divisor of 3 and v.
3
Let m = -432 + 522. Let o(r) = 10*r. Let l be o(6). Calculate the highest common divisor of l and m.
30
Let p(x) = -11*x - 143. Let z be p(-18). What is the greatest common divisor of z and 22?
11
Let p be 8 - (2 - (-120)/(-10)). What is the greatest common divisor of 450 and p?
18
Let t = -6 - 69. Let r = -1125 - -1320. Let p = t + r. Calculate the highest common divisor of 24 and p.
24
Suppose 2*v + 33 - 35 = 0. Let x be 30/(v/((-75)/(-10))). What is the greatest common factor of 90 and x?
45
Let o(z) = -z**2 - z + 13. Let p be o(-4). Let d = 398 - 397. Calculate the greatest common factor of p and d.
1
Suppose 1 - 4 = -3*d. Let u be d*(-39)/9*-3. Suppose 4*w = u + 19. Calculate the highest common factor of 88 and w.
8
Let x = -2043 - -2589. What is the highest common divisor of x and 18?
6
Let t = 465 - 427. Calculate the highest common factor of 1102 and t.
38
Suppose 0 = -5*k + 25, 5*s - 5*k + 0*k - 200 = 0. Calculate the highest common divisor of s and 150.
15
Suppose 0 = l + 3*c - 54, 53 = 3*l + 2*c - 74. What is the highest common factor of 1482 and l?
39
Suppose 9 = 4*t - y, 2*t = -238*y + 234*y. Calculate the highest common divisor of 772 and t.
2
Let y = 20 - 25. Let x(p) = p**3 + 6*p**2 - 2*p - 10. Let b be x(y). Calculate the highest common factor of b and 200.
25
Suppose 16 = 318*o - 314*o. Suppose k + 4 = 2. Let v be (12/10)/(k/(-60)). What is the highest common divisor of v and o?
4
Let h(i) = -i**2 - 14*i - 11. Let n be h(-9). Suppose o + n = 3*o. Calculate the highest common factor of 187 and o.
17
Let w(b) = -b**3 + 7*b**2 - 7*b + 2. Let u be w(6). Let j = 0 - u. Suppose 3*n = j*n - 8. Calculate the highest common factor of 56 and n.
8
Suppose -4*w = -3*w - 11. What is the highest common factor of 297 and w?
11
Let f = 989 + -611. What is the highest common factor of 84 and f?
42
Suppose 4*b = -11 + 227. Suppose 5*a = -2*m + 685, m - 162 = -a - 22. What is the greatest common divisor of a and b?
27
Let g(p) = 3*p**2 + p - 4. Let r = -1 + -2. Let l be g(r). Suppose -19*i + 1866 = -0*i - 34. Calculate the greatest common factor of i and l.
20
Let s(a) = 2*a**2 - 9*a - 68. Let c be s(-8). Calculate the highest common divisor of 231 and c.
33
Let a = -895 - -909. What is the greatest common factor of 343 and a?
7
Let u be (-1)/((4/30)/(-2)). Let k be (-52)/24 - 2/(-12). Let z be 204/2 + (-6)/k. Calculate the greatest common divisor of z and u.
15
Let s = -38 - -38. Suppose s = -5*n - 4 + 14. Calculate the greatest common factor of 7 and n.
1
Let x(f) = f**2 - 7*f + 5. Let d be x(8). Let w = 2288 - 2275. Calculate the highest common factor of d and w.
13
Suppose -2*j = 3*j - 70. Suppose -298 = -8*n + 486. What is the greatest common factor of n and j?
14
Let t be 18*(1 - 66/(-12)). Calculate the greatest common divisor of 429 and t.
39
Let h be (-13)/(-3*2/(-48)). Let s be (-420)/(-26) + 16/h. Calculate the greatest common divisor of 4 and s.
4
Suppose o - 3 + 1 = 0. Suppose -162 = b - o*b. Calculate the highest common divisor of 18 and b.
18
Let c be (2 - (8 + -1))*3894/(-295). Let v be 2/(-8) + (-89)/(-4). Calculate the highest common factor of v and c.
22
Let r = 19 - 17. Let z be -79*((1 - 3) + 1). Suppose r*w - z = -21. What is the greatest common divisor of w and 29?
29
Let y(k) be the first derivative of -12*k + 7*k**2 + 1/3*k**3 + 3. Let t be y(-15). Calculate the highest common factor of t and 3.
3
Suppose 2*j - 9 = -0*r - r, -r + 1 = 0. Suppose 4*x - 2*x - t - 7 = 0, -2*t = -2*x + 2. Calculate the highest common divisor of x and j.
2
Let r = 70 - 44. Let p(j) be the third derivative of 3*j**5/20 + j**4/24 + 5*j**3/6 - 11*j**2. Let o be p(-2). Calculate the highest common factor of r and o.
13
Suppose 0 = 139*v - 143*v + 352. What is the greatest common factor of v and 16?
8
Let l(j) = 2*j**2 - 5*j - 18. Let p be l(12). Calculate the highest common divisor of 30 and p.
30
Let s(i) = i**3 - i + 56. Let d be s(0). Let g(j) = -j**2 + 10*j - 7. Let o be g(11). Let h = o - -25. Calculate the highest common factor of h and d.
7
Let l = 94 - 63. Suppose 3*o - l = 134. Calculate the highest common divisor of o and 22.
11
Suppose -3*c - 6*s + 9*s = -42, 2*c = -2*s + 32. What is the highest common divisor of 135 and c?
15
Let c be (36 + 4)/((-2)/(-20)). Suppose -4*o = -9*o + c. Let x be (-2)/7 + 452/14. What is the highest common divisor of x and o?
16
Suppose -552 = -10*d + 4*d. Suppose 7*h - d = -8. Calculate the highest common divisor of h and 48.
12
Suppose 235 - 15 = 11*o. Calculate the highest common factor of o and 460.
20
Let k = -12 + 13. Suppose -q - n - k = -3*n, -2*q + 5*n = 4. Let f be (-3)/4*144/(-54). What is the highest common divisor of q and f?
1
Let t(q) = -21*q + 170. Let o be t(8). What is the highest common factor of o and 27?
1
Let f(s) = -s**3 + 3*s**2 + s + 1133. Let i be f(0). Calculate the greatest common factor of 11 and i.
11
Let v = 1659 - 1646. Let b = 83 - 57. What is the greatest common divisor of v and b?
13
Suppose 0 = 7*b - 3*b - 244. Let s = -26 - -29. Suppose 0 = k - 5*k + s*v + b, -2*k + 31 = -v. Calculate the greatest common factor of k and 144.
16
Let r(d) = d**3 - 12*d**2 - 4*d + 12. Suppose -4*c + 27 = -21. Let p be r(c). Let v = p - -45. Calculate the highest common factor of v and 63.
9
Suppose w - x = -0*w + 13, -5*x = -w + 17. Let q be (-270)/w*(-8)/6. What is the greatest common divisor of 150 and q?
30
Let k = 39 + -15. Let w = 26 - k. Let n be (-3)/12*w*-10. What is the greatest common factor of 25 and n?
5
Suppose -4 = 3*p + 4*k + 5, 4*k = 2*p - 14. Let x be (p/2)/(1/(-10)). Let z = 10 + x. What is the highest common factor of 55 and z?
5
Let f(l) = 9*l**2 - 186*l + 12. Let t be f(23). What is the greatest common factor of 22 and t?
11
Suppose 0 = 2*r + 4*l - 3622, 192*r + 1814 = 193*r + l. Calculate the highest common divisor of r and 79.
79
Suppose m + 1 = -7. Let d be m/10*(-61 + 1). Suppose -2*a + 3*a - 24 = 0. What is the highest common factor of d and a?
24
Let u(w) = 17*w**3 + w**2. Let a = 7 + 7. Suppose 3*l = -l - 2*p - 2, 5*l = 3*p + a. Let c be u(l). What is the greatest common factor of c and 72?
18
Let n be (-16)/(-4) + (1 - -328). What is the highest common divisor of 185 and n?
37
Suppose -26*o + 36 = -23*o. Let x(c) = 3 + 0*c + c**2 - 2*c**2 + 3*c. Let z be x(3). Calculate the highest common factor of o and z.
3
Suppose 13 = 3*l - 2. Suppose -92 = -l*p + 93. What is the highest common divisor of p and 259?
37
Let l = -174 - -183. What is the greatest common divisor of l and 549?
9
Let b(q) = -94*q - 11. Let a be b(-5). What is the highest common factor of a and 27?
27
Let y = 1176 + -584. Calculate the highest common divisor of y and 74.
74
Let v(g) = 2*g**2 - 7*g - 2. Let w be v(5). Let f(u) = 31*u**2 - 7*u + 7. Let a be f(2). Calculate the highest common divisor of w and a.
13
Suppose -12*y = -17*y + 30. Suppose 120 = 3*p + y. Calculate the greatest common factor of p and 38.
38
Let m(b) be the second derivative of -2/3*b**3 + 0 + 6*b + 0*b**2. Let d be m(-2). Calculate the highest common factor of 88 and d.
8
Suppose -69 = -5*x + 31. Let y = 139 - 79. What is the highest common factor of x and y?
20
Let i(a) = 901*a**3 - 4*a + 3. Let h be i(1). What is the highest common factor of 25 and h?
25
Suppose 2*a - 4*a = -108. Let y = 71 - a. Let o be 718/14 - 2/7. What is the greatest common factor of o and y?
17
Suppose 10